3
Let h(t) = 3*t**3 - 12*t**2 + t - 46. What is h(0)?
-46
Let r(s) = -22*s**2 - 15*s + 22. What is r(-5)?
-453
Let n(x) = -8*x**3 + 18*x**2 + 153*x - 761. Calculate n(5).
-546
Let n(l) = 16007*l + 288068. Determine n(-18).
-58
Let b(c) = c**3 - 1321*c**2 - 1773*c + 2342128. Give b(1321).
-5
Let g(d) = -d**3 + 61*d**2 + 556*d - 504. What is g(69)?
-228
Let a(c) = -599*c - 108318. Determine a(-181).
101
Let w(q) = -388950*q - 388957. Determine w(-1).
-7
Let b(n) = n**3 - 993*n**2 - 91766*n + 146612. Calculate b(1078).
4
Let x(l) = -l**3 - 27*l**2 + 583*l + 15991. What is x(-28)?
451
Let w(m) = -195*m + 2884. Give w(15).
-41
Let c(l) = l**3 + 192*l**2 - 999*l - 2694. Determine c(-197).
64
Let j(d) = 23*d**2 + 25359*d - 87379. Give j(-1106).
-5
Let x(c) = -6560*c + 511791. Determine x(78).
111
Let h(t) = -15*t**2 + 2087*t - 284. Calculate h(139).
-6
Let l(u) = -4*u**3 - 7*u**2 - 8*u - 37. Determine l(-4).
139
Let n(c) = -490*c**2 + 5379*c + 136. Give n(11).
15
Let u(t) = -36553*t - 182757. What is u(-5)?
8
Let o(k) = -241751*k - 241553. Determine o(-1).
198
Let n(g) = -7884*g - 283739. Give n(-36).
85
Let j(m) = -30950*m + 990355. Calculate j(32).
-45
Let z(y) = -y**3 + 593*y**2 + 604*y - 5976. Calculate z(594).
-36
Let w(t) = 1486*t**2 + 28189*t - 125. What is w(-19)?
730
Let g(o) = 78830*o - 4729703. Calculate g(60).
97
Let x(p) = 2*p**3 + p**2 - 81*p - 400. Determine x(-8).
-712
Let d(z) = 13*z**3 + 4*z**2 - 132*z + 659. Give d(5).
1724
Let z(g) = -1281*g**2 + 43548*g + 200. What is z(34)?
-4
Let v(p) = -p**3 - 91*p**2 + 62*p + 21345. Determine v(-89).
-15
Let h(k) = -100*k + 1. Determine h(7).
-699
Let r(k) = -43353*k - 1213881. Give r(-28).
3
Let m(l) = 1410*l - 565589. Determine m(401).
-179
Let w(r) = -127*r**2 - 2125*r - 4840. Calculate w(-14).
18
Let g(u) = -17*u**3 - 170*u**2 - 1274*u - 1117. Calculate g(-1).
4
Let a(w) = 12*w**2 - 286*w + 553. What is a(2)?
29
Let o(w) = 33*w**2 + 13906*w + 19310. Determine o(-420).
-10
Let s(w) = w**3 - 8*w**2 - 5471*w - 10. Calculate s(0).
-10
Let a(i) = -4*i**3 - 336*i**2 + 37*i + 3249. Calculate a(-84).
141
Let t(q) = -201*q - 8078. Determine t(-40).
-38
Let j(v) = 288*v**2 - 1283*v + 1. Give j(-1).
1572
Let u(k) = 112457*k - 112457. Give u(1).
0
Let q(l) = 2*l**2 - 2425*l + 378479. Determine q(184).
-9
Let s(q) = -q**2 - 23345*q - 326598. Calculate s(-14).
36
Let d(l) = -l**3 - 78*l**2 - l - 297. Determine d(-78).
-219
Let t(x) = 1728*x - 139950. What is t(81)?
18
Let v(f) = -136817*f - 10534905. What is v(-77)?
4
Let z(a) = -52893*a - 158358. Determine z(-3).
321
Let u(c) = -247*c**3 - 5432*c**2 + 53*c + 198. Determine u(-22).
0
Let k(u) = -5728*u + 1168518. Calculate k(204).
6
Let x(w) = w**3 - 9739*w**2 - 117008*w + 75. Give x(-12).
27
Let d(u) = -65355*u + 326770. Determine d(5).
-5
Let r(k) = -762*k + 87138. Give r(114).
270
Let j(y) = -157*y**3 + 9*y**2 - 50*y + 66. Calculate j(2).
-1254
Let p(d) = -25*d**2 + 166*d - 1444. Calculate p(9).
-1975
Let y(v) = 94270*v - 1414075. Determine y(15).
-25
Let x(o) = o**2 + 224*o - 5683. Calculate x(25).
542
Let t(l) = 1162*l + 417. What is t(0)?
417
Let a(s) = 16*s**2 - 1371*s + 7262. Determine a(80).
-18
Let s(t) = -t**2 + 103791*t - 518918. Give s(5).
12
Let z(v) = 2386*v**2 + 4779*v + 17. Determine z(-2).
3
Let g(f) = 2*f**3 + 18*f**2 + 50*f + 707. What is g(-10)?
7
Let q(d) = 21*d**2 + 17*d - 216. Give q(-8).
992
Let l(o) = -o**2 + 127*o + 828. What is l(134)?
-110
Let z(w) = w**3 - 25*w**2 + 66*w - 485. Give z(23).
-25
Let d(t) = -62*t**2 - 1050*t - 67. Give d(-20).
-3867
Let p(i) = -717*i - 5936. Determine p(-8).
-200
Let p(z) = -1851*z - 31453. What is p(-17)?
14
Let m(a) = -5*a**3 + 1476*a**2 - 284*a + 4947. Determine m(295).
8192
Let a(n) = -12*n**2 + 355*n - 2162. Calculate a(21).
1
Let r(u) = -u**3 + 67*u**2 + 88*u - 4470. Give r(68).
-3110
Let t(a) = a**3 - 3*a**2 - 66*a - 27. Calculate t(-10).
-667
Let z(h) = h**2 + 235*h + 10261. Calculate z(-58).
-5
Let i(v) = 2997*v + 1057934. Calculate i(-353).
-7
Let g(n) = -2*n**2 + 167*n - 1328. Give g(73).
205
Let w(z) = 480491*z - 9609835. Give w(20).
-15
Let y(s) = -s**3 - 17*s**2 + 275*s + 4308. What is y(-17)?
-367
Let c(k) = -9*k**2 - 2*k - 55. What is c(0)?
-55
Let t(d) = 4294*d**2 + 68688*d - 268. Give t(-16).
-12
Let r(w) = 4027*w - 11992. Determine r(3).
89
Let q(n) = -n**3 + 31*n**2 + 5982*n - 190399. Give q(32).
1
Let z(r) = 4780*r - 66851. Calculate z(14).
69
Let x(h) = -2*h**3 - 4*h**2 - 73*h + 500. Give x(4).
16
Let x(v) = 2*v**3 + 14*v**2 + 19*v + 29. Give x(-7).
-104
Let w(j) = 8*j**2 - 76*j + 168. What is w(-7)?
1092
Let x(o) = -12*o**3 - 76*o**2 - 2*o + 161. Give x(-6).
29
Let l(k) = -5*k**2 + 654*k + 2729. Give l(-4).
33
Let f(d) = -3*d**3 + 195*d**2 - d + 68. Give f(65).
3
Let m(i) = i**2 - 1272*i - 112364. Calculate m(-83).
101
Let f(b) = 2*b**2 + 25*b + 147. Determine f(-5).
72
Let p(l) = 93838*l + 7976265. Determine p(-85).
35
Let i(d) = 165*d - 842. Determine i(9).
643
Let s(l) = -8764*l + 280455. Calculate s(32).
7
Let z(c) = c**3 - 924*c**2 - 6501*c + 61. Determine z(-7).
-51
Let f(o) = 31*o**3 - 148*o**2 - 8*o - 257. Determine f(5).
-122
Let c(p) = -164*p - 6614. Determine c(-39).
-218
Let v(x) = x**2 - 2313*x - 454075. What is v(-182)?
15
Let d(l) = l**2 + 100*l + 1218. Determine d(-21).
-441
Let v(x) = 22*x**2 + 1959*x + 173. Calculate v(-89).
84
Let j(n) = 51*n**2 - 683*n + 267. Determine j(13).
7
Let k(u) = 38*u**2 - 11*u + 2. Give k(5).
897
Let w(s) = -6*s**2 + 669*s + 9242. What is w(-14)?
-1300
Let b(k) = 408*k - 58030. Calculate b(142).
-94
Let v(t) = 575*t - 46026. Give v(80).
-26
Let r(l) = 24840*l + 919054. What is r(-37)?
-26
Let k(o) = o**2 - 6788*o - 74779. What is k(-11)?
10
Let a(n) = 6*n**2 + 438*n + 912. Calculate a(-71).
60
Let d(u) = 2*u**2 - 4786*u + 2756061. Give d(965).
21
Let n(m) = -99894*m - 599379. What is n(-6)?
-15
Let d(q) = 280*q**2 - 1702*q + 14. Calculate d(6).
-118
Let c(o) = 2*o**2 + 36423*o + 254917. What is c(-7)?
54
Let h(g) = -1565*g - 178374. Give h(-114).
36
Let v(l) = l**3 - 40*l**2 - 617*l + 97. Calculate v(-12).
13
Let w(x) = -x**3 + 7*x**2 + 34881*x - 348538. What is w(10)?
-28
Let d(o) = -5105*o - 408389. Give d(-80).
11
Let d(a) = a**3 - 53*a**2 - 1004*a + 43. Calculate d(-16).
-1557
Let b(n) = -n**2 - 730*n - 35604. Give b(-53).
277
Let b(i) = -i**3 - 36*i**2 + 1041*i - 234. Calculate b(-55).
-14
Let y(s) = 44*s**2 - 347*s + 230. Give y(7).
-43
Let v(d) = 659*d**2 + 1361*d + 96. Give v(-2).
10
Let w(h) = h**3 - 28*h**2 - 18*h - 4. Give w(27).
-1219
Let f(o) = -1468*o - 19117. Calculate f(-13).
-33
Let q(o) = o**3 - 339*o**2 - 3842*o - 2799. Calculate q(350).
1
Let m(r) = r**3 + 20*r**2 + 1847*r + 33050. Determine m(-18).
452
Let n(z) = 12*z**3 - 1707*z**2 + 469*z - 6120. Determine n(142).
-14
Let j(p) = p**2 + 296*p + 15983. Give j(-225).
8
Let o(f) = 7*f**3 - 165*f**2 - 969*f + 31. What is o(-6)?
-1607
Let r(y) = -y**3 - 50*y**2 - 74*y + 1014. Calculate r(-48).
-42
Let x(y) = -65*y**2 + 1549*y + 34429. Calculate x(-14).
3
Let x(p) = 3626*p + 1997888. Calculate x(-551).
-38
Let x(m) = -m**2 + 20671*m - 165374. Give x(8).
-70
Let w(t) = -6*t**2 - 100038*t - 100035. Give w(-1).
-3
Let d(u) = -u**3 - 465*u**2 - 1043*u - 54174. What is d(-463)?
-3
Let p(x) = 68*x**2 + 2119*x + 370. Determine p(-31).
29
Let y(o) = -o**3 - 220*o**2 - 6472*o + 547. Determine y(-185).
-8
Let g(t) = 3*t**3 - 3*t**2 + 83*t - 692. Calculate g(7).
771
Let s(i) = i**3 - 735*i**2 + 32341*i - 3500. What is s(688)?
-60
Let c(w) = -6700*w + 67007. Calculate c(10).
7
Let r(j) = j**3 + 570*j**2 + 2327*j + 35961. What is r(-566)?
303
Let d(t) = -t**3 + 65*t**2 + 1600*t - 112483. Determine d(61).
1
Let m(k) = -k**3 - 135*k**2 - 777*k - 31. What is m(-129)?
356
Let f(a) = -482782*a - 28001355. What is f(-58)?
1
Let o(s) = 1140*s + 3618. Calculate o(-3).
198
Let s(g) = -1186*g - 22971. Calculate s(-16).
-3995
Let n(b) = 4786*b + 354164. Calculate n(-74).
0
Let i(c) = -2*c**2 + 347*c - 8503. Give i(30).
107
Let x(z) = 5123*z - 32005. Give x(6).
-1267
Let s(x) = x**2 + 56758*x + 2098674. Give s(-37).
-3
Let g(y) = 329*y + 77921. What is g(-236)?
277
Let f(y) = y**2 + 770326*y - 5392330. Calculate f(7).
1
Let c(z) = -62899*z - 1069343. Determine c(-17).
-60
Let g